factors of (30/24 + z)*1244?
311
List the prime factors of (-3)/1*(-25040920)/1740.
2, 21587
Let j(b) = 104*b**2 - 101*b + 964. What are the prime factors of j(9)?
61, 139
Let r(o) be the second derivative of -o**5/20 - 3*o**4/2 - 37*o**3/6 - 22*o**2 + 276*o. List the prime factors of r(-17).
2, 37
Let n = 2651 + 2433. What are the prime factors of n?
2, 31, 41
Suppose -2*n = -3*a + 1506, 2*a - n - 732 - 271 = 0. Let i = a + -132. What are the prime factors of i?
2, 23
Suppose -3*s = -2*l - 19647, 4*s + 56*l = 51*l + 26219. List the prime factors of s.
6551
Let t be 12/(-2) - (-190)/19. Suppose t*y - 1911 = -4*o - 447, -y + 732 = 2*o. List the prime factors of o.
2, 3, 61
Suppose 3*k = 5*j - 20198, -2*j - 2*j = k - 16138. What are the prime factors of j?
2, 1009
Let q(m) = -6*m. Let y be q(-4). Suppose 11 = -3*z + 26. Suppose z*w - y = 31. List the prime factors of w.
11
Let v(m) = m**2 - 6*m + 2. Suppose -18*o - 15 = -21*o. Let b be v(o). What are the prime factors of (0 - b)/3 + (0 - -162)?
163
Let j(r) = -5*r - 9. Let v be j(7). Let q = v - -48. Suppose -2*o - q*u + 35 = -9, -u = -o + 25. List the prime factors of o.
2, 3
Let k be 126/10 - 8/(-20). Let l(n) = 13*n**2 - 61*n + 23. Let w(v) = 6*v**2 - 31*v + 11. Let z(i) = -2*l(i) + 5*w(i). What are the prime factors of z(k)?
2
Let z = -14 + 9. Let a be -60*3*z/45. Suppose -2699 = -a*f + 2081. List the prime factors of f.
239
Let j(h) = -h + 192. Let l(d) = -2*d + 6. Let w be l(3). Let k be j(w). Suppose -8*c + k = -0*c. List the prime factors of c.
2, 3
Let c = -25663 + 51927. What are the prime factors of c?
2, 7, 67
Let n be 4767/(-105) + 2/5. Let a be (-3)/2*30/n. What are the prime factors of ((-30)/7)/(a + 48/(-42))?
2, 3, 5
Let v = 68390 + -45139. What are the prime factors of v?
23251
Let k(d) be the first derivative of 26*d - 14 - 3/2*d**2. What are the prime factors of k(-9)?
53
List the prime factors of -5*((-11)/((-143)/(-39)) - 8120).
5, 8123
Let y = -45768 - -81278. What are the prime factors of y?
2, 5, 53, 67
Let x(k) = k**3 + 8*k**2 + 9*k - 1. Let p be x(-6). Suppose 8*v = p + 23. Suppose 444 = 3*i - 3*u, 3*u - 743 = -v*i + 5*u. What are the prime factors of i?
149
Suppose 4*a + 1313 - 4833 = -5*s, -3*s = 0. Suppose 0 = 5*q + 4*d - a, 0 = 3*q + d - 2*d - 545. What are the prime factors of q?
2, 3, 5
Let o(f) = -4*f + 15. Let h be o(4). Let m be (-52)/(-6)*(-23 - (h - 4)). Let j = -75 - m. List the prime factors of j.
3
Suppose 2*h + 5 = s - 2, -3*h - 3 = 0. Suppose 0 = s*l - 5*j - 90, -2*l - 2 = 3*j - 18. Suppose -6*b + l = -370. What are the prime factors of b?
2
Let r(h) = 68*h**2 + 264*h - 524. What are the prime factors of r(2)?
2, 3, 23
Let d(p) = 26*p**2 - 23*p - 16. List the prime factors of d(19).
8933
Let j(q) be the first derivative of -11*q**7/840 + 13*q**4/24 - 17*q**3 + 18. Let g(o) be the third derivative of j(o). What are the prime factors of g(-3)?
2, 5, 31
Let j(a) = -5*a**2 + 82*a + 7. Let o be j(7). Suppose o = -23*y + 25*y. What are the prime factors of y?
2, 3, 7
Let f be (-43)/(-4) - (-3)/(-4). Suppose -433*j = -422*j - 40326. Suppose 0 = 3*o + f*o - j. List the prime factors of o.
2, 3, 47
Let k(s) = -7*s**2 + 33*s + 22. Let o(i) = 3*i**2 - 16*i - 11. Let a(f) = -2*k(f) - 5*o(f). Let r be a(13). Let q = 248 + r. List the prime factors of q.
2, 17
List the prime factors of (-17)/((-17)/15939) - (24 - 16).
89, 179
Let a(g) be the first derivative of -2*g**2 + 13. Let z be a(7). List the prime factors of (-3)/7 + (-908)/z.
2
Let i(l) = -43*l + 6391. What are the prime factors of i(-28)?
5, 7, 31
Let b = 1171 + -781. Suppose 4*w - b = 614. What are the prime factors of w?
251
List the prime factors of 0/(0 - 5) + (-18923)/(-1).
127, 149
Suppose 0 = 2*o - o - 266. Suppose 64*j - 26 - 160 = 6. Suppose j*x - 5*x + o = 0. What are the prime factors of x?
7, 19
Let l(i) = -1158*i - 5646. List the prime factors of l(-15).
2, 3, 977
Let b be ((-987)/9)/7*-9. Let w be b + -1 + (3/(-3) - -2). Let s = w - 100. What are the prime factors of s?
41
Suppose -3*n = 3*o - 15, -5*n - 10*o - 11 = -14*o. List the prime factors of 3 + -8 + 6 - (n + -1080).
2, 3, 5
What are the prime factors of 3 - -1 - ((-9 - 54774) + 6/3)?
5, 10957
Let f = -136 - -211. Suppose f*r + 3056 = 91*r. List the prime factors of r.
191
Suppose -5*o + 24 = -6*o. Let i(y) = y**2 + 17*y - 42. Let v be i(o). Let j = 53 + v. What are the prime factors of j?
179
Suppose -6*x = 4 - 16. Suppose -x*b + b + 15 = 0. Let u(m) = -m**3 + 14*m**2 + 18*m + 1. What are the prime factors of u(b)?
2, 23
Let s be (-2)/14 - ((-3376)/28)/4. Suppose -50*u + s*u + 1920 = 0. What are the prime factors of u?
2, 3
Suppose 5*a - y + 59363 = 0, 3*y = 4*a + 52214 - 4717. List the prime factors of (-1 + 0 - 1)/(56/a).
2, 53
Let k be 18*((-508)/8 - -4). Let w be 1/(-2) - k/42. Suppose -3*y = -4*f - w, 3*y + 5*f - 16 = -0*f. What are the prime factors of y?
7
Suppose -8*y - 2*y + 40 = 0. Suppose -3*f + 2*q + 179 = 0, -6*q + q = -y*f + 241. List the prime factors of f.
59
Let v be (-3)/(-30) + 558/20. Let k = v + -26. Suppose -3*a + 5*u + 149 = 0, -k*a + 68 = u - 40. What are the prime factors of a?
53
Let r(t) = -t**3 + 10*t**2 - 7*t + 2. Let g be r(9). Let d(o) = o**2 + 19*o - 58. List the prime factors of d(g).
2, 19
Let p(c) = -c**3 + 4*c**2 - c + 3. Let m be p(3). Suppose -5*s + 5*o = 3*o + 12, 3*o - m = 3*s. List the prime factors of 8/s*(-38)/4.
2, 19
Let m(n) = 299*n + 4*n + 2 - 122*n. Let h be m(3). Suppose -7*q + 3*q + 4*w + 536 = 0, 5*w = -4*q + h. List the prime factors of q.
3, 5
Let t = -87653 - -136733. List the prime factors of t.
2, 3, 5, 409
Let c(z) = 14*z**2 - 52*z - 9. What are the prime factors of c(-22)?
3, 293
Suppose 0 = 3*f - 5*f. Suppose 0 = p - 5*d + 27, 2*p - 3*d + 1 = -18. What are the prime factors of -154*(-1 - f) - (-1 - p)?
3, 17
Suppose 47*z - 144*z - 102*z = -3586378. List the prime factors of z.
2, 9011
Suppose -40*b + 36*b = -20. Suppose -4*n = 4*g + g + 26, -b*g - 3*n - 22 = 0. List the prime factors of g*(2 + (-381)/6).
3, 41
Let i = 185 - 177. Suppose -i*b + 1535 = -7*b. What are the prime factors of b?
5, 307
Let w(u) = 11309*u - 210. List the prime factors of w(2).
2, 2801
Let p = -24451 + 36016. List the prime factors of p.
3, 5, 257
Let h(w) = 14*w**2 + 40*w - 168. What are the prime factors of h(-22)?
2, 179
Suppose m = 0, 5*y + 13*m + 9*m - 112180 = 23*m. What are the prime factors of y?
2, 71, 79
Let l be 118*1 + 0/(-15). Suppose -5*h = -5*w + 628 - l, -3*h - 403 = -4*w. Suppose -10*d + 11*d - w = -4*t, 5*t + 5 = 0. What are the prime factors of d?
101
Let s = 3212 + -1646. List the prime factors of s.
2, 3, 29
Let x(p) = -p**3 - 68*p**2 + 68*p + 766. What are the prime factors of x(-71)?
3, 1229
Let d(g) be the third derivative of 4*g**5/5 - 5*g**4/8 + 4*g**3 - g**2 - 17*g. What are the prime factors of d(4)?
2, 3, 61
Let h be (-496)/120 - 2/(-15). Let m = 7 + h. What are the prime factors of (-2807)/(-28) - m/(-4)?
101
Let u(f) = 12*f**3 - 3*f**2 + 32*f - 44. List the prime factors of u(10).
2, 3, 499
Let g = 747 - 324. Let b = 807 - g. List the prime factors of b.
2, 3
Let k be (-12)/10 + 896/(-70). Let u(i) = -i**3 - 8*i**2 + 34*i + 30. List the prime factors of u(k).
2, 5, 73
Let l = 8580 - 3688. What are the prime factors of l?
2, 1223
Let z = 2 + 7. Suppose 0 = 2*v + 7 - z. Let r(a) = 74*a + 3. What are the prime factors of r(v)?
7, 11
Let n(v) = v**2 - 2*v - 1. Let k be n(2). Let t be 18/(-24)*k*4. What are the prime factors of t/8 + 1887/24?
79
Let b = 2754 + -1767. Let h = -594 + b. What are the prime factors of h?
3, 131
Let i(q) = q**3 + 10*q**2 + q - 12. Let d be ((-5)/(-10)*-14)/1. Let t be i(d). Suppose -2*z - 3*k = -t, 2*z - 3*z + 64 = 4*k. List the prime factors of z.
2
Suppose 12*r = -3*r + 133110. Suppose 2*c + r = 19*c. What are the prime factors of c?
2, 3, 29
Suppose -g - 1 = q, -q + g + 1 + 0 = 0. Suppose 473 = 2*k - 0*m + 3*m, q = 4*k - 3*m - 901. List the prime factors of k.
229
Suppose 303 = 2*y - 149. Let m(u) = 20*u - 1472. Let v be m(86). Suppose -y = -2*h - 4*f, 5*h - 825 + v = 2*f. List the prime factors of h.
5, 23
Suppose o + 17448 = 4*k, -7970 = -3*k + 4*o + 5103. What are the prime factors of k?
4363
Suppose 3*s = 3*j + 16658 + 8263, 41556 = 5*s +